{"id":58,"date":"2020-01-20T16:07:30","date_gmt":"2020-01-20T15:07:30","guid":{"rendered":"http:\/\/www.erneuerung.de\/regensburg\/?page_id=58"},"modified":"2020-01-20T16:07:30","modified_gmt":"2020-01-20T15:07:30","slug":"datenschutz","status":"publish","type":"page","link":"https:\/\/www.erneuerung.de\/regensburg\/datenschutz\/","title":{"rendered":"Datenschutz"},"content":{"rendered":"<p><em>Diese Datenschutzerkl\u00e4rung ist g\u00fcltig f\u00fcr die Internetseite erneuerung.de und ihre Subdomains sowie f\u00fcr die Internetseiten jce-online.de, kidsce.de und segnungsgottesdienste.de. Diese Webseiten werden vom CE e.V. (VR 2306 Amtsgericht Karlsruhe) verantwortet.<\/em><\/p>\n<p>Wir freuen uns \u00fcber Ihr Interesse an unserem Verein. Datenschutz &hellip;<\/p>","protected":false},"excerpt":{"rendered":"<p><em>Diese Datenschutzerkl\u00e4rung ist g\u00fcltig f\u00fcr die Internetseite erneuerung.de und ihre Subdomains sowie f\u00fcr die Internetseiten jce-online.de, kidsce.de und segnungsgottesdienste.de. Diese Webseiten werden vom CE e.V. (VR 2306 Amtsgericht Karlsruhe) verantwortet.<\/em><\/p>\n<p>Wir freuen uns \u00fcber Ihr Interesse an unserem Verein. Datenschutz &hellip;<\/p>","protected":false},"author":453,"featured_media":0,"parent":0,"menu_order":0,"comment_status":"closed","ping_status":"closed","template":"","meta":{"footnotes":""},"class_list":["post-58","page","type-page","status-publish"],"post_mailing_queue_ids":[],"_links":{"self":[{"href":"https:\/\/www.erneuerung.de\/regensburg\/wp-json\/wp\/v2\/pages\/58","targetHints":{"allow":["GET"]}}],"collection":[{"href":"https:\/\/www.erneuerung.de\/regensburg\/wp-json\/wp\/v2\/pages"}],"about":[{"href":"https:\/\/www.erneuerung.de\/regensburg\/wp-json\/wp\/v2\/types\/page"}],"author":[{"embeddable":true,"href":"https:\/\/www.erneuerung.de\/regensburg\/wp-json\/wp\/v2\/users\/453"}],"replies":[{"embeddable":true,"href":"https:\/\/www.erneuerung.de\/regensburg\/wp-json\/wp\/v2\/comments?post=58"}],"version-history":[{"count":1,"href":"https:\/\/www.erneuerung.de\/regensburg\/wp-json\/wp\/v2\/pages\/58\/revisions"}],"predecessor-version":[{"id":59,"href":"https:\/\/www.erneuerung.de\/regensburg\/wp-json\/wp\/v2\/pages\/58\/revisions\/59"}],"wp:attachment":[{"href":"https:\/\/www.erneuerung.de\/regensburg\/wp-json\/wp\/v2\/media?parent=58"}],"curies":[{"name":"wp","href":"https:\/\/api.w.org\/{rel}","templated":true}]}}