{"id":926,"date":"2020-02-20T14:16:36","date_gmt":"2020-02-20T13:16:36","guid":{"rendered":"https:\/\/www.erneuerung.de\/jugend\/?page_id=926"},"modified":"2025-08-07T18:36:43","modified_gmt":"2025-08-07T16:36:43","slug":"jump","status":"publish","type":"page","link":"https:\/\/www.erneuerung.de\/jugend\/jump\/","title":{"rendered":"JUMP"},"content":{"rendered":"<div class=\"wpb-content-wrapper\"><p>[vc_row][vc_column][vc_single_image image=&#8220;2756&#8243; img_size=&#8220;full&#8220; alignment=&#8220;center&#8220; css=&#8220;&#8220;][vc_separator][vc_column_text css=&#8220;&#8220; css_animation=&#8220;bounceInDown&#8220;]<\/p>\n<h1><strong>03.08.-09.08.2025<\/strong><\/h1>\n<p>BEGEISTERUNG, TIEFE BEGEGNUNG MIT GOTT, ACTION, MUSIK DIE ABGEHT, JUMP-DANCE, CAMPING, SPANNENDER INPUT, LUFTMATRATZE, FEIERN, MAL WAS ANDERES, WORSHIP, CRAZY PEOPLE, HIMMLISCH, FREUNDSCHAFT, ECHT SEIN, DURCHBRUCH, KONFETTI, ANNAHME, VISION F\u00dcR DEIN LEBEN, ANBETUNG, GEL\u00c4NDESPIEL, \u2026[\/vc_column_text][\/vc_column][\/vc_row][vc_row][vc_column][vc_column_text css=&#8220;&#8220;]<\/p>\n<hr \/>\n<h3><\/h3>\n<h3><a href=\"https:\/\/www.erneuerung.de\/jugend\/anmeldung-party-30-jahre-jump\/\">ANMELDUNG &#8211; 30 JAHRE JUMP &#8211; PARTY, 08.08.2025<\/a><\/h3>\n<h3><a href=\"https:\/\/www.erneuerung.de\/jugend\/wp-content\/uploads\/sites\/31\/2024\/12\/JCE-JUMP-Wickelpfalz-BundLinks2025-Screen.pdf\">Flyer<\/a><\/h3>\n<hr \/>\n<p>[\/vc_column_text][vc_column_text css=&#8220;&#8220;]<span style=\"font-weight: 400;\">Das Wort \u201elegend\u00e4r\u201c wurde ziemlich sicher extra f\u00fcr das Jump erfunden. Denn nirgendwo sonst bekommst du den ganz besonderen Jump-Flair. Wenn du Bock auf Lobpreis, Action, coole Aktionen, Gemeinschaft mit jungen und nicen Christen, und nat\u00fcrlich Begegnung mit einem wahren und lebendigen Gott hast, dann sei auf jeden Fall am Start! <\/span><span style=\"font-weight: 400;\">Gott hat durch das Jump schon so viele Herzen und Leben ver\u00e4ndert. Lass dich auch ver\u00e4ndern. Sei legend\u00e4r. Sei dabei.<\/span><\/p>\n<p><span style=\"font-weight: 400;\">Wir freuen uns auf dich! <\/span>Dein JUMP Team<\/p>\n<hr \/>\n<p>Das JUMP startet durch vom 03.08. bis zum 09.08.2025 in 86747 Maihingen bei N\u00f6rdlingen (f\u00fcr Mitarbeitende vom 01.08. &#8211; 10.08.2025.)<\/p>\n<ul>\n<li>f\u00fcr alle zwischen 13 und 18 Jahre<\/li>\n<li>Fr\u00fchbucherpreis: 210,- Euro &#8211; g\u00fcltig bei Anmeldung bis zum 31.05.2025<\/li>\n<li>Teilnehmerpreis: 230,- Euro &#8211; \u00a0ab dem 01.06.2025<\/li>\n<li>Geschwisterrabatt: 20,- Euro &#8211; Bedingungen f\u00fcr den Rabatt: siehe unten bei Infos<\/li>\n<li>eingehen (ink. Programm, Verpflegung, Platz f\u00fcr dein mitgebrachtes Zelt)<\/li>\n<li>Eigenanreise<\/li>\n<\/ul>\n<hr \/>\n<p>[\/vc_column_text][\/vc_column][vc_column][\/vc_column][\/vc_row][vc_row][vc_column][vc_separator][vc_column_text][\/vc_column_text][vc_column_text css=&#8220;&#8220;]<span style=\"text-decoration: underline;\">N\u00e4here Infos:<\/span><\/p>\n<ul>\n<li><span style=\"text-decoration: underline;\">Geschwisterrabatt<\/span>: Als Teilnehmer\/in bekommst Du einmalig einen Geschwisterrabatt in H\u00f6he von 20 \u20ac, wenn auch einer deiner Geschwister (oder mehrere) von dir auf dem JUMP ist (sind): Das kann auch ein\/e Mitarbeitende\/r sein. Mitarbeitende bekommen keinen Geschwisterrabatt auf ihren Teilnahmepreis.<\/li>\n<li>Werbegutschein: Wenn du jemanden mitbringst, der noch nie auf einer CE Veranstaltung (Jugendwochenende, Mittendrin, JUMP, etc.) dabei war, bekommst du von uns einen auf dem JUMP 2025 g\u00fcltigen Warengutschein (einl\u00f6sbar im Teezelt, am B\u00fcchertisch oder am Kiosk) im Wert von 10,- Euro<\/li>\n<li>Anmeldeschluss ist der 20.07.2025<\/li>\n<li>\u00dcbernachtung: Wir schlafen in eigenen Zelten. Falls Du kein eigenes Zelt hast, und niemanden kennst, bei dem du \u00fcbernachten kannst, gib das bitte bei der Anmeldung an!<\/li>\n<li>Bei Fragen: melde Dich gerne unter <a href=\"tel:+497513636196\">0751 3636196<\/a> per WhatsApp unter: <a href=\"tel:+4917662245467\">+49176 62245467 <\/a>oder <a href=\"mailto:Jugendarbeit@erneuerung.de\">Jugendarbeit@erneuerung.de\u00a0<\/a><\/li>\n<li>Abmeldung: Bei Abmeldung ist eine Bearbeitungsgeb\u00fchr von 20- \u20ac zu zahlen. Bei Nichterscheinen ohne Abmeldung stellen wir die uns entstandenen Kosten in Rechnung. Bitte beachte die All. Teilnahmebedingungen auf unserer Homepage.<\/li>\n<li>\u00dcberweisung: \u00dcberweise deinen Beitrag bitte bis zum 15.07.2025 auf unser Konto: Charismatische Erneuerung, LIGA Bank eG, IBAN: DE97 7509 0300 0002 1349 00\u00a0\u00a0 BIC: GENODEF1M05, Stichwort: JUMP 2025 + &#8222;Dein Name&#8220;<\/li>\n<\/ul>\n<p>[\/vc_column_text][vc_column_text css=&#8220;&#8220;]Wenn Du \u00fcber 20 Jahre alt bist und nicht mitarbeiten willst oder kannst, denn melde Dich bitte bei uns im B\u00fcro, wir finden eine L\u00f6sung.<\/p>\n<p>Zu alt f\u00fcr die Luftmatratze? Auf eigene Kosten kannst Du (bitte fr\u00fchzeitig melden, denn die Betten sind sehr begrenzt) \u00fcber uns ein Zimmer bei der Gemeinschaft Lumen Christi im Kloster Maihingen reservieren: <a href=\"tel:+497513636196\">0751 3636196<\/a> \/ <a href=\"mailto:info@jce-online.de\">info@jce-online.de<\/a><\/p>\n<p><img \/><\/p>\n<p><span style=\"text-decoration: underline;\">\u00a0<\/span>[\/vc_column_text]<div class=\"gem-youtube gem-wrapbox gem-wrapbox-style-1 rounded-corners shadow-box gem-wrapbox-position-below\" style=\"width: 100%;\"><div class=\"gem-wrapbox-inner gem-ratio-style\" style=\"padding-top: 56.25%\"><iframe class=\"gem-wrapbox-element img-responsive\" width=\"100%\" height=\"300\" allowfullscreen=\"allowfullscreen\" frameborder=\"0\" scrolling=\"no\" marginheight=\"0\" marginwidth=\"0\" src=\"\/\/www.youtube.com\/embed\/nNhNbgxvq6s?rel=0&amp;wmode=opaque\"><\/iframe><\/div><\/div>[\/vc_column][\/vc_row][vc_row][vc_column][vc_separator][\/vc_column][vc_column][\/vc_column][\/vc_row][vc_row][vc_column][vc_column_text]<\/p>\n<p><strong>Mich begeistert das JUMP weil,&#8230;<\/strong><\/p>\n<p><span style=\"font-weight: 400;\">Anna:<\/span><\/p>\n<p><span style=\"font-weight: 400;\">&#8211; man coole Leute kennenlernen darf und neue Freundschaften geschlossen werden\u00a0<\/span><\/p>\n<p><span style=\"font-weight: 400;\">&#8211; eine pers\u00f6nliche Begegnung mit Gott m\u00f6glich ist und man junge Christen kennen lernt, die den Glauben mit einem teilen<\/span><\/p>\n<p><span style=\"font-weight: 400;\">&#8211; verschiedenen Jugendarbeiten etwas dazu beitragen, dass jedes JUMP einmalig und besondere wird<\/span><\/p>\n<p>&nbsp;<\/p>\n<p><span style=\"font-weight: 400;\">Raban:\u00a0<\/span><\/p>\n<p><span style=\"font-weight: 400;\">Ganz generell gef\u00e4llt mir beim Jump immer die Atmosph\u00e4re und die Gel\u00e4ndespiele.\u00a0<\/span><\/p>\n<p><span style=\"font-weight: 400;\">Spirituell fand ich vor allem den latenight-worship sehr gut.\u00a0<\/span><\/p>\n<p>&nbsp;<\/p>\n<p><span style=\"font-weight: 400;\">Nora:<\/span><\/p>\n<p><span style=\"font-weight: 400;\">Ich genie\u00df aufm JUMP immer die LateNightWorship-Zeiten<\/span><\/p>\n<p><span style=\"font-weight: 400;\">Und dann aber auch die Kleingruppen-Spiele um auch die anderen besser kennenzulernen?<\/span><\/p>\n<p><a href=\"https:\/\/www.erneuerung.de\/jugend\/jump\/jump-rueckblick\/\"><strong>WEITERE STIMMEN<\/strong><\/a><\/p>\n<p>[\/vc_column_text][\/vc_column][\/vc_row][vc_row][vc_column][vc_separator][\/vc_column][\/vc_row][vc_row][vc_column][vc_column_text]<\/p>\n<div class=\"page\" title=\"Page 3\">\n<div class=\"section\">\n<div class=\"layoutArea\">\n<div class=\"column\">\n<h4 style=\"text-align: left;\"><strong>R\u00dcCKBLICK JUMP 2022<\/strong><\/h4>\n<p style=\"text-align: left;\">Der R\u00fcckblick f\u00fcr das JUMP 2022 folgt in bald.<\/p>\n<p style=\"text-align: left;\">Bis dahin kannst Du schonmal auf unserem <a href=\"https:\/\/www.instagram.com\/jce.deutschland\/\">Instagram-Kanal<\/a> (jce.deutschland) unter Beitr\u00e4gen ein paar Eindr\u00fccke gewinnen.<\/p>\n<p style=\"text-align: left;\">\n<\/div>\n<\/div>\n<\/div>\n<\/div>\n<p>[\/vc_column_text][vc_column_text][\/vc_column_text][\/vc_column][\/vc_row][vc_row][vc_column][vc_separator][\/vc_column][\/vc_row][vc_row][vc_column][vc_column_text]<\/p>\n<div class=\"page\" title=\"Page 3\">\n<div class=\"section\">\n<div class=\"layoutArea\">\n<div class=\"column\">\n<h4 style=\"text-align: left;\"><strong>R\u00dcCKBLICK JUMP 2020<\/strong><\/h4>\n<p style=\"text-align: left;\">Hier findest Du den <a href=\"https:\/\/www.erneuerung.de\/jugend\/outbreak-3_2020\/\">Artikel<\/a> in voller L\u00e4nge.<\/p>\n<\/div>\n<p style=\"text-align: left;\"><strong>Heaven meets earth<\/strong><\/p>\n<p style=\"text-align: left;\"><span style=\"font-weight: 400;\">\u00a0<\/span><span style=\"font-weight: 400;\">Soooo\u2026 Ich habe jetzt die Ehre, einen R\u00fcckblick des diesj\u00e4hrigen online JUMP\u00b4s zu schreiben, das vom 2. August bis zum 5. August stattgefunden hat. Ich bin Johannes Pfeffer, war dieses Jahr Teil der Band und habe sie zusammen mit Silvana Roth geleitet.<\/span><\/p>\n<p style=\"text-align: left;\"><span style=\"font-weight: 400;\">Ich fange mal an, aus meiner Sicht zu erz\u00e4hlen&#8230; <a href=\"https:\/\/www.erneuerung.de\/jugend\/outbreak-3_2020\/\">mehr<\/a><\/span><\/p>\n<p style=\"text-align: left;\">\n<\/div>\n<\/div>\n<\/div>\n<p>[\/vc_column_text][\/vc_column][\/vc_row][vc_row][vc_column][vc_separator][\/vc_column][\/vc_row][vc_row][vc_column][vc_column_text]<\/p>\n<h4>Lehren JUMP (2020)<\/h4>\n<p>&#8222;<strong>Gott feiert dich&#8220; von Berna Lang<\/strong>[\/vc_column_text]<div class=\"gem-youtube gem-wrapbox gem-wrapbox-style-1 rounded-corners shadow-box gem-wrapbox-position-below\" style=\"width: 100%;\"><div class=\"gem-wrapbox-inner gem-ratio-style\" style=\"padding-top: 56.25%\"><iframe class=\"gem-wrapbox-element img-responsive\" width=\"100%\" height=\"300\" allowfullscreen=\"allowfullscreen\" frameborder=\"0\" scrolling=\"no\" marginheight=\"0\" marginwidth=\"0\" src=\"\/\/www.youtube.com\/embed\/ai3TJSXgy70?rel=0&amp;wmode=opaque\"><\/iframe><\/div><\/div>[\/vc_column][\/vc_row][vc_row][vc_column][vc_column_text]<\/p>\n<h4>Lehren JUMP (2020)<\/h4>\n<p>&#8222;<strong>Der Himmel auf Erden&#8220; von Joel Gerber<\/strong>[\/vc_column_text]<div class=\"gem-youtube gem-wrapbox gem-wrapbox-style-1 rounded-corners shadow-box gem-wrapbox-position-below\" style=\"width: 100%;\"><div class=\"gem-wrapbox-inner gem-ratio-style\" style=\"padding-top: 56.25%\"><iframe class=\"gem-wrapbox-element img-responsive\" width=\"100%\" height=\"300\" allowfullscreen=\"allowfullscreen\" frameborder=\"0\" scrolling=\"no\" marginheight=\"0\" marginwidth=\"0\" src=\"\/\/www.youtube.com\/embed\/DfELEhXWg2c?rel=0&amp;wmode=opaque\"><\/iframe><\/div><\/div>[\/vc_column][\/vc_row][vc_row][vc_column][vc_column_text]<\/p>\n<h4>Lehren JUMP (2020)<\/h4>\n<p><strong>&#8222;Pers\u00f6nliche Zeit mit Gott&#8220; von Jakob Binswanger<\/strong>[\/vc_column_text]<div class=\"gem-youtube gem-wrapbox gem-wrapbox-style-1 rounded-corners shadow-box gem-wrapbox-position-below\" style=\"width: 100%;\"><div class=\"gem-wrapbox-inner gem-ratio-style\" style=\"padding-top: 56.25%\"><iframe class=\"gem-wrapbox-element img-responsive\" width=\"100%\" height=\"300\" allowfullscreen=\"allowfullscreen\" frameborder=\"0\" scrolling=\"no\" marginheight=\"0\" marginwidth=\"0\" src=\"\/\/www.youtube.com\/embed\/P9DosRy4Yl8?rel=0&amp;wmode=opaque\"><\/iframe><\/div><\/div>[\/vc_column][\/vc_row][vc_row][vc_column][vc_column_text]<\/p>\n<h4>Lehren JUMP (2020)<\/h4>\n<p>&#8222;<strong>Wozu hat Gott dich berufen&#8220; von Andreas Sauter<\/strong>[\/vc_column_text]<div class=\"gem-youtube gem-wrapbox gem-wrapbox-style-1 rounded-corners shadow-box gem-wrapbox-position-below\" style=\"width: 100%;\"><div class=\"gem-wrapbox-inner gem-ratio-style\" style=\"padding-top: 56.25%\"><iframe class=\"gem-wrapbox-element img-responsive\" width=\"100%\" height=\"300\" allowfullscreen=\"allowfullscreen\" frameborder=\"0\" scrolling=\"no\" marginheight=\"0\" marginwidth=\"0\" src=\"\/\/www.youtube.com\/embed\/6Lb8XBZr690?rel=0&amp;wmode=opaque\"><\/iframe><\/div><\/div>[\/vc_column][\/vc_row]<\/p>\n<\/div>","protected":false},"excerpt":{"rendered":"<p>[vc_row][vc_column][vc_single_image image=&#8220;2756&#8243; img_size=&#8220;full&#8220; alignment=&#8220;center&#8220; css=&#8220;&#8220;][vc_separator][vc_column_text css=&#8220;&#8220; css_animation=&#8220;bounceInDown&#8220;] 03.08.-09.08.2025 BEGEISTERUNG, TIEFE BEGEGNUNG MIT GOTT, ACTION, MUSIK DIE ABGEHT, JUMP-DANCE, CAMPING, SPANNENDER&#8230;<\/p>\n","protected":false},"author":457,"featured_media":0,"parent":0,"menu_order":0,"comment_status":"closed","ping_status":"closed","template":"","meta":{"footnotes":""},"class_list":["post-926","page","type-page","status-publish"],"post_mailing_queue_ids":[],"_links":{"self":[{"href":"https:\/\/www.erneuerung.de\/jugend\/wp-json\/wp\/v2\/pages\/926","targetHints":{"allow":["GET"]}}],"collection":[{"href":"https:\/\/www.erneuerung.de\/jugend\/wp-json\/wp\/v2\/pages"}],"about":[{"href":"https:\/\/www.erneuerung.de\/jugend\/wp-json\/wp\/v2\/types\/page"}],"author":[{"embeddable":true,"href":"https:\/\/www.erneuerung.de\/jugend\/wp-json\/wp\/v2\/users\/457"}],"replies":[{"embeddable":true,"href":"https:\/\/www.erneuerung.de\/jugend\/wp-json\/wp\/v2\/comments?post=926"}],"version-history":[{"count":144,"href":"https:\/\/www.erneuerung.de\/jugend\/wp-json\/wp\/v2\/pages\/926\/revisions"}],"predecessor-version":[{"id":2888,"href":"https:\/\/www.erneuerung.de\/jugend\/wp-json\/wp\/v2\/pages\/926\/revisions\/2888"}],"wp:attachment":[{"href":"https:\/\/www.erneuerung.de\/jugend\/wp-json\/wp\/v2\/media?parent=926"}],"curies":[{"name":"wp","href":"https:\/\/api.w.org\/{rel}","templated":true}]}}