{"id":536,"date":"2020-02-10T13:16:08","date_gmt":"2020-02-10T12:16:08","guid":{"rendered":"https:\/\/www.erneuerung.de\/jugend\/?page_id=536"},"modified":"2022-04-25T20:48:18","modified_gmt":"2022-04-25T18:48:18","slug":"startup-nord","status":"publish","type":"page","link":"https:\/\/www.erneuerung.de\/jugend\/regionen\/startup-nord\/","title":{"rendered":"startUp Nord"},"content":{"rendered":"<div class=\"wpb-content-wrapper\"><p>[vc_row][vc_column][vc_column_text]<\/p>\n<h6><img class=\"size-full wp-image-538 alignleft\" src=\"https:\/\/www.erneuerung.de\/jugend\/wp-content\/uploads\/sites\/31\/2020\/02\/deutschlandkarte_ausschnitt_startup_nord.png\" alt=\"\" width=\"160\" height=\"160\" srcset=\"https:\/\/www.erneuerung.de\/jugend\/wp-content\/uploads\/sites\/31\/2020\/02\/deutschlandkarte_ausschnitt_startup_nord.png 160w, https:\/\/www.erneuerung.de\/jugend\/wp-content\/uploads\/sites\/31\/2020\/02\/deutschlandkarte_ausschnitt_startup_nord-150x150.png 150w, https:\/\/www.erneuerung.de\/jugend\/wp-content\/uploads\/sites\/31\/2020\/02\/deutschlandkarte_ausschnitt_startup_nord-100x100.png 100w\" sizes=\"(max-width: 160px) 100vw, 160px\" \/>Wer wir sind<\/h6>\n<p>Wir sind die Jugendarbeit der Charismatischen Erneuerung in der Region Niedersachsen (Region Hamburg, Braunschweig, G\u00f6ttingen, Kassel, Erfurt).<\/p>\n<h6>Was wir machen<\/h6>\n<p>Bei unseren regelm\u00e4\u00dfig stattfindenden Jugendwochenenden wollen wir miteinander Gemeinschaft, viel Spa\u00df und Action erleben, unseren Glauben vertiefen, einen genialen Gott erfahren und neue Leute kennenlernen. Unsere Wochenenden finden ca. alle 2-3 Monate in Alfeld (Leine) statt. Beginn ist jeweils Freitagabend und Ende am Sonntag gegen Mittag.<\/p>\n<p>Zwischen geistlichen Impulsen am Vormittag und Workshops am Nachmittag, bleibt dabei viel Platz f\u00fcr pers\u00f6nliche Freizeit, Gespr\u00e4che oder Stad<span class=\"text_exposed_show\">terkundungen. Du willst Fu\u00dfball, Basteln, Theater, Musizieren, Kicker oder einfach nur im Sommer auf einer Blumenwiese entspannen? Kein Problem &#8211; f\u00fcr jeden ist der passende Workshop dabei!<\/span><\/p>\n<p>Wichtig ist uns au\u00dferdem das Gespr\u00e4ch in kleineren Gruppen, denn: Keiner soll mit seinen Gedanken und Fragen allein bleiben. Gemeinsam feiern wir au\u00dferdem Gottesdienste und machen Lobpreis (nat\u00fcrlich mit der rockigen Musik unserer Band).<\/p>\n<p>Komm doch einfach vorbei und lass dich \u00fcberraschen!<br \/>\n<span class=\"text_exposed_show\">Wir freuen uns auf deinen Besuch bei uns!<\/span><\/p>\n<h6><strong>Social media<\/strong><\/h6>\n<p>Folge uns gerne auch auf Instagram oder Facebook:<br \/>\n<a href=\"https:\/\/instagram.com\/startup_nord?igshid=YmMyMTA2M2Y\">www.instagram.com\/startup_nord?igshid=YmMyMTA2M2Y<\/a><br \/>\n<a href=\"https:\/\/www.facebook.com\/startUPnordJWE\/\">www.facebook.com\/startUPnordJWE\/<\/a><\/p>\n<h6><strong>Kontakt<\/strong><\/h6>\n<p><span id=\"cloaka70026b4436cdc342591143546cca369\"><a href=\"mailto:startupnord@erneuerung.de\" target=\"_blank\" rel=\"noopener noreferrer\">startupnord@erneuerung.de<\/a><\/span><\/p>\n<h6>Leitungsteam<\/h6>\n<p>Cecilia Adamski, Dorothee Haase &amp; Jonas Beyer[\/vc_column_text][\/vc_column][\/vc_row]<\/p>\n<\/div>","protected":false},"excerpt":{"rendered":"<p>[vc_row][vc_column][vc_column_text] Wer wir sind Wir sind die Jugendarbeit der Charismatischen Erneuerung in der Region Niedersachsen (Region Hamburg, Braunschweig, G\u00f6ttingen, Kassel,&#8230;<\/p>\n","protected":false},"author":453,"featured_media":0,"parent":503,"menu_order":0,"comment_status":"closed","ping_status":"closed","template":"","meta":{"footnotes":""},"class_list":["post-536","page","type-page","status-publish"],"post_mailing_queue_ids":[],"_links":{"self":[{"href":"https:\/\/www.erneuerung.de\/jugend\/wp-json\/wp\/v2\/pages\/536","targetHints":{"allow":["GET"]}}],"collection":[{"href":"https:\/\/www.erneuerung.de\/jugend\/wp-json\/wp\/v2\/pages"}],"about":[{"href":"https:\/\/www.erneuerung.de\/jugend\/wp-json\/wp\/v2\/types\/page"}],"author":[{"embeddable":true,"href":"https:\/\/www.erneuerung.de\/jugend\/wp-json\/wp\/v2\/users\/453"}],"replies":[{"embeddable":true,"href":"https:\/\/www.erneuerung.de\/jugend\/wp-json\/wp\/v2\/comments?post=536"}],"version-history":[{"count":11,"href":"https:\/\/www.erneuerung.de\/jugend\/wp-json\/wp\/v2\/pages\/536\/revisions"}],"predecessor-version":[{"id":2148,"href":"https:\/\/www.erneuerung.de\/jugend\/wp-json\/wp\/v2\/pages\/536\/revisions\/2148"}],"up":[{"embeddable":true,"href":"https:\/\/www.erneuerung.de\/jugend\/wp-json\/wp\/v2\/pages\/503"}],"wp:attachment":[{"href":"https:\/\/www.erneuerung.de\/jugend\/wp-json\/wp\/v2\/media?parent=536"}],"curies":[{"name":"wp","href":"https:\/\/api.w.org\/{rel}","templated":true}]}}