{"id":2,"date":"2019-10-28T12:44:36","date_gmt":"2019-10-28T11:44:36","guid":{"rendered":"http:\/\/www.erneuerung.de\/hildesheim\/?page_id=2"},"modified":"2024-06-06T11:19:56","modified_gmt":"2024-06-06T09:19:56","slug":"beispiel-seite","status":"publish","type":"page","link":"https:\/\/www.erneuerung.de\/hildesheim\/","title":{"rendered":"Charismatische Erneuerung Bistum Hildesheim"},"content":{"rendered":"<div class=\"wpb-content-wrapper\"><p>[vc_row full_width=&#8220;stretch_row&#8220; css=&#8220;.vc_custom_1581628237359{background-image: url(https:\/\/www.erneuerung.de\/hildesheim\/wp-content\/uploads\/sites\/15\/2020\/02\/dom_hildesheim.jpg?id=290) !important;background-position: center !important;background-repeat: no-repeat !important;background-size: cover !important;}&#8220;][vc_column]<style>.portfolio.news-grid#style-39d8baa .portfolio-item:not(.size-item), .preloader#style-preloader-39d8baa .portfolio-item { padding: calc(42px\/2) !important; }.portfolio.news-grid#style-39d8baa .portfolio-item.size-item { padding: 0 calc(42px\/2) !important; }.portfolio.news-grid#style-39d8baa .portfolio-row, .preloader#style-preloader-39d8baa .skeleton-posts.portfolio-row { margin: calc(-42px\/2); }.portfolio.news-grid#style-39d8baa.fullwidth-columns .portfolio-row { margin: calc(-42px\/2) 0; }.portfolio.news-grid#style-39d8baa .fullwidth-block:not(.no-paddings) { padding-left: 42px; padding-right: 42px; }.portfolio.news-grid#style-39d8baa .fullwidth-block .portfolio-row { padding-left: calc(42px\/2); padding-right: calc(42px\/2); }.portfolio.news-grid#style-39d8baa .fullwidth-block .portfolio-top-panel { padding-left: 42px; padding-right: 42px; }.portfolio.news-grid#style-39d8baa.fullwidth-columns .with-filter-sidebar .filter-sidebar { padding-left: 42px; }.portfolio.news-grid#style-39d8baa.list-style.with-divider .portfolio-item .wrap:before { top: calc(-42px\/2); }.portfolio.news-grid#style-39d8baa .portfolio-item .wrap > .caption { background-color: rgba(0,0,0,0.4) !important; }.portfolio.news-grid#style-39d8baa .portfolio-item .wrap { background-color: rgba(0,0,0,0.4) !important; }.portfolio.news-grid#style-39d8baa .portfolio-item .caption .title span { letter-spacing: px !important; }.portfolio.news-grid#style-39d8baa .portfolio-item .caption .title { color: #ffffff !important; }.portfolio.news-grid#style-39d8baa .portfolio-item .caption .title > * { color: #ffffff !important; }.portfolio.news-grid#style-39d8baa .portfolio-item .caption .title a { color: #ffffff !important; }.portfolio.news-grid#style-39d8baa .portfolio-item .caption .post-author-date-separator { color: #ffffff !important; }.portfolio.news-grid#style-39d8baa .portfolio-item .caption .post-date { color: #ffffff !important; }<\/style><style><\/style><div id=\"style-preloader-39d8baa\" class=\"preloader save-space\"><div class=\"preloader-spin\"><\/div><\/div> <div class=\"portfolio-preloader-wrapper panel-sidebar-position-left\"> <div class=\"portfolio portfolio-grid extended-portfolio-grid news-grid no-padding portfolio-pagination-normal portfolio-style-masonry background-style-transparent title-style-light hover-default title-on-page caption-position-page version-default loading-animation item-animation-move-up portfolio-items-masonry columns-2 columns-tablet-2 columns-mobile-1 \" id=\"style-39d8baa\" data-style-uid=\"39d8baa\" data-portfolio-uid=\"grid_845e809\" data-current-page=\"1\" data-per-page=\"8\" data-next-page=\"0\" data-pages-count=\"1\" data-hover=\"default\" data-portfolio-filter=\"[]\" data-portfolio-filter-attributes=\"null\" data-portfolio-filter-status=\"null\" data-portfolio-filter-price=\"null\" data-portfolio-filter-search=\"\"> <div class=\"portfolio-row-outer \"> <div class=\"portfolio-top-panel filter-type-default\"> <div class=\"portfolio-top-panel-row filter-style-buttons\"> <div class=\"portfolio-top-panel-left\"><div class=\"portfolio-filter-item portfolio-selected-filters left\"> <div class=\"portfolio-selected-filter-item clear-filters\"> Clear Filters\t<\/div> <\/div> <\/div> <div class=\"portfolio-top-panel-right\"> <div class=\"portfolio-sorting title-h6\"> <div class=\"orderby light\"> <label for=\"\" data-value=\"date\">Datum<\/label> <a href=\"javascript:void(0);\" role=\"button\" class=\"sorting-switcher\" data-current=\"date\" aria-label=\"Order by\"><\/a> <label for=\"\" data-value=\"name\">Name<\/label> <\/div> <div class=\"portfolio-sorting-sep\"><\/div> <div class=\"order light\"> <label for=\"\" data-value=\"DESC\">Desc<\/label> <a href=\"javascript:void(0);\" role=\"button\" class=\"sorting-switcher\" data-current=\"DESC\" aria-label=\"Order\"><\/a> <label for=\"\" data-value=\"ASC\">Asc<\/label> <\/div> <\/div> <\/div> <\/div> <\/div> <div class=\"row portfolio-row\"> <div class=\"portfolio-set clearfix\" data-max-row-height=\"380\"> <div class=\"portfolio-item allgemein news col-xs-12 col-sm-6 col-md-6 item-animations-not-inited show-caption-border post-has-author appearance-type- post-1043 post type-post status-publish format-standard has-post-thumbnail category-allgemein category-news\" data-default-sort=\"0\" data-sort-date=\"1751715137\"> <div class=\"wrap clearfix\"> <div class=\"image post-1043 post type-post status-publish format-standard has-post-thumbnail category-allgemein category-news\"> <div class=\"image-inner \"> <div class=\"post-featured-content\"><a href=\"https:\/\/www.erneuerung.de\/hildesheim\/2025\/07\/05\/impulstag-27-09-25\/\"> <picture> <img src=\"https:\/\/www.erneuerung.de\/hildesheim\/wp-content\/uploads\/sites\/15\/2025\/01\/Impulstag_foto-thegem-portfolio-masonry.png\" width=\"754\" height=\"655\" class=\"img-responsive\" alt=\"Impulstag_foto\" \/> <\/picture> <\/a><\/div> <\/div> <div class=\"overlay\"> <div class=\"overlay-circle\"><\/div> <div class=\"links-wrapper\"> <div class=\"links\"> <div class=\"caption\"> <a href=\"https:\/\/www.erneuerung.de\/hildesheim\/2025\/07\/05\/impulstag-27-09-25\/\" class=\"portfolio-item-link\"> <span class=\"screen-reader-text\">Impulstag 27.09.25<\/span> <\/a> <div class=\"description \"> <div class=\"subtitle\"> <span class=\"text-body\"><div class=\"wp-block-columns is-layout-flex wp-container-core-columns-is-layout-9d6595d7 wp-block-columns-is-layout-flex\">\n<div class=\"wp-block-column is-layout-flow wp-block-column-is-layout-flow\">\n<figure class=\"wp-block-image size-large\"><img width=\"487\" height=\"1024\" src=\"https:\/\/www.erneuerung.de\/hildesheim\/wp-content\/uploads\/sites\/15\/2025\/07\/Impulstag-0-2-487x1024.jpg\" alt=\"\" class=\"wp-image-1049\" srcset=\"https:\/\/www.erneuerung.de\/hildesheim\/wp-content\/uploads\/sites\/15\/2025\/07\/Impulstag-0-2-487x1024.jpg 487w, https:\/\/www.erneuerung.de\/hildesheim\/wp-content\/uploads\/sites\/15\/2025\/07\/Impulstag-0-2-143x300.jpg 143w, https:\/\/www.erneuerung.de\/hildesheim\/wp-content\/uploads\/sites\/15\/2025\/07\/Impulstag-0-2-768x1613.jpg 768w, https:\/\/www.erneuerung.de\/hildesheim\/wp-content\/uploads\/sites\/15\/2025\/07\/Impulstag-0-2-731x1536.jpg 731w, https:\/\/www.erneuerung.de\/hildesheim\/wp-content\/uploads\/sites\/15\/2025\/07\/Impulstag-0-2-975x2048.jpg 975w, https:\/\/www.erneuerung.de\/hildesheim\/wp-content\/uploads\/sites\/15\/2025\/07\/Impulstag-0-2-600x1260.jpg 600w, https:\/\/www.erneuerung.de\/hildesheim\/wp-content\/uploads\/sites\/15\/2025\/07\/Impulstag-0-2.jpg 1181w\" sizes=\"(max-width: 487px) 100vw, 487px\" \/><\/figure>\n<\/div> <div class=\"wp-block-column is-layout-flow wp-block-column-is-layout-flow\">\n<figure class=\"wp-block-image size-large\"><img width=\"487\" height=\"1024\" src=\"https:\/\/www.erneuerung.de\/hildesheim\/wp-content\/uploads\/sites\/15\/2025\/07\/Impulstag-1-2-487x1024.jpg\" alt=\"\" class=\"wp-image-1048\" srcset=\"https:\/\/www.erneuerung.de\/hildesheim\/wp-content\/uploads\/sites\/15\/2025\/07\/Impulstag-1-2-487x1024.jpg 487w, https:\/\/www.erneuerung.de\/hildesheim\/wp-content\/uploads\/sites\/15\/2025\/07\/Impulstag-1-2-143x300.jpg 143w, https:\/\/www.erneuerung.de\/hildesheim\/wp-content\/uploads\/sites\/15\/2025\/07\/Impulstag-1-2-768x1613.jpg 768w, https:\/\/www.erneuerung.de\/hildesheim\/wp-content\/uploads\/sites\/15\/2025\/07\/Impulstag-1-2-731x1536.jpg 731w, https:\/\/www.erneuerung.de\/hildesheim\/wp-content\/uploads\/sites\/15\/2025\/07\/Impulstag-1-2-975x2048.jpg 975w, https:\/\/www.erneuerung.de\/hildesheim\/wp-content\/uploads\/sites\/15\/2025\/07\/Impulstag-1-2-600x1260.jpg 600w, https:\/\/www.erneuerung.de\/hildesheim\/wp-content\/uploads\/sites\/15\/2025\/07\/Impulstag-1-2.jpg 1181w\" sizes=\"(max-width: 487px) 100vw, 487px\" \/><\/figure>\n<\/div>\n<\/div> <div class=\"wp-block-columns is-layout-flex wp-container-core-columns-is-layout-9d6595d7 wp-block-columns-is-layout-flex\">\n<div class=\"wp-block-column is-layout-flow wp-block-column-is-layout-flow\"><\/div> <div class=\"wp-block-column is-layout-flow wp-block-column-is-layout-flow\"><\/div>\n<\/div> <p><a href=\"https:\/\/form.jotform.com\/251754294899375\">Hier Online anmelden<\/a> oder per mail <a href=\"mailto:info@ce-hildesheim.de\">info@ce-hildesheim.de<\/a>.&hellip;<\/p><\/span> <\/div> <\/div> <div class=\"post-author-outer\"> <div class=\"author\"> <span class=\"author-avatar\"><img alt='stephan' src='https:\/\/secure.gravatar.com\/avatar\/52f563939684fba819ae214d50f4e68c0770d47e3e9d5e9ed27d29bc7c2db04e?s=50&#038;d=mm&#038;r=g' srcset='https:\/\/secure.gravatar.com\/avatar\/52f563939684fba819ae214d50f4e68c0770d47e3e9d5e9ed27d29bc7c2db04e?s=100&#038;d=mm&#038;r=g 2x' class='avatar avatar-50 photo' height='50' width='50' \/><\/span> <span class=\"author-name\">By stephan<\/span> <\/div> <\/div> <\/div> <\/div> <\/div> <\/div> <\/div> <div class=\"caption post-1043 post type-post status-publish format-standard has-post-thumbnail category-allgemein category-news\"> <div class=\"post-date\">5. Juli 2025<\/div> <div class=\"title\"> <span class=\"title-h6 \"><a href=\"https:\/\/www.erneuerung.de\/hildesheim\/2025\/07\/05\/impulstag-27-09-25\/\" rel=\"bookmark\">Impulstag 27.09.25<\/a><\/span> <\/div> <div class=\"info\"> <a class=\"additional-meta\" data-filter-type=\"taxonomies\" data-attr=\"category\" data-filter=\"allgemein\">Allgemein<\/a><span class=\"sep\"><\/span> <a class=\"additional-meta\" data-filter-type=\"taxonomies\" data-attr=\"category\" data-filter=\"news\">news<\/a> <\/div> <\/div> <\/div> <\/div> <div class=\"portfolio-item allgemein news col-xs-12 col-sm-6 col-md-6 item-animations-not-inited show-caption-border post-has-author appearance-type- post-1006 post type-post status-publish format-standard has-post-thumbnail category-allgemein category-news\" data-default-sort=\"0\" data-sort-date=\"1738910918\"> <div class=\"wrap clearfix\"> <div class=\"image post-1006 post type-post status-publish format-standard has-post-thumbnail category-allgemein category-news\"> <div class=\"image-inner \"> <div class=\"post-featured-content\"><a href=\"https:\/\/www.erneuerung.de\/hildesheim\/2025\/02\/07\/tage-voller-segen\/\"> <picture> <img src=\"https:\/\/www.erneuerung.de\/hildesheim\/wp-content\/uploads\/sites\/15\/2025\/02\/silvester-thegem-portfolio-masonry.png\" width=\"754\" height=\"697\" class=\"img-responsive\" alt=\"Happy new year\" \/> <\/picture> <\/a><\/div> <\/div> <div class=\"overlay\"> <div class=\"overlay-circle\"><\/div> <div class=\"links-wrapper\"> <div class=\"links\"> <div class=\"caption\"> <a href=\"https:\/\/www.erneuerung.de\/hildesheim\/2025\/02\/07\/tage-voller-segen\/\" class=\"portfolio-item-link\"> <span class=\"screen-reader-text\">Tage voller Segen<\/span> <\/a> <div class=\"description \"> <div class=\"subtitle\"> <span class=\"text-body\"><p>Wir hatten wieder eine wunderbare Silvesterfreizeit, diesmal das zweite Mal In Duderstadt im Jugendg\u00e4stehaus. Im Vergleich zum Haus Wohldenberg, wo die Freizeit lange Jahre stattfand, k\u00f6nnen hier wesentlich mehr Menschen untergebracht werden. So hatten wir dieses Mal die gr\u00f6\u00dfte Teilnehmerzahl &hellip;<\/p><\/span> <\/div> <\/div> <div class=\"post-author-outer\"> <div class=\"author\"> <span class=\"author-avatar\"><img alt='stephan' src='https:\/\/secure.gravatar.com\/avatar\/52f563939684fba819ae214d50f4e68c0770d47e3e9d5e9ed27d29bc7c2db04e?s=50&#038;d=mm&#038;r=g' srcset='https:\/\/secure.gravatar.com\/avatar\/52f563939684fba819ae214d50f4e68c0770d47e3e9d5e9ed27d29bc7c2db04e?s=100&#038;d=mm&#038;r=g 2x' class='avatar avatar-50 photo' height='50' width='50' \/><\/span> <span class=\"author-name\">By stephan<\/span> <\/div> <\/div> <\/div> <\/div> <\/div> <\/div> <\/div> <div class=\"caption post-1006 post type-post status-publish format-standard has-post-thumbnail category-allgemein category-news\"> <div class=\"post-date\">7. Februar 2025<\/div> <div class=\"title\"> <span class=\"title-h6 \"><a href=\"https:\/\/www.erneuerung.de\/hildesheim\/2025\/02\/07\/tage-voller-segen\/\" rel=\"bookmark\">Tage voller Segen<\/a><\/span> <\/div> <div class=\"info\"> <a class=\"additional-meta\" data-filter-type=\"taxonomies\" data-attr=\"category\" data-filter=\"allgemein\">Allgemein<\/a><span class=\"sep\"><\/span> <a class=\"additional-meta\" data-filter-type=\"taxonomies\" data-attr=\"category\" data-filter=\"news\">news<\/a> <\/div> <\/div> <\/div> <\/div> <div class=\"portfolio-item allgemein news col-xs-12 col-sm-6 col-md-6 item-animations-not-inited show-caption-border post-has-author appearance-type- post-966 post type-post status-publish format-standard has-post-thumbnail category-allgemein category-news\" data-default-sort=\"0\" data-sort-date=\"1718745765\"> <div class=\"wrap clearfix\"> <div class=\"image post-966 post type-post status-publish format-standard has-post-thumbnail category-allgemein category-news\"> <div class=\"image-inner \"> <div class=\"post-featured-content\"><a href=\"https:\/\/www.erneuerung.de\/hildesheim\/2024\/06\/18\/rueckblick-impulstag-2024\/\"> <picture> <img src=\"https:\/\/www.erneuerung.de\/hildesheim\/wp-content\/uploads\/sites\/15\/2024\/06\/GGE_regionaltag-6-GGE_Bild_WebsiteNewsletter-1080x733-1-thegem-portfolio-masonry.png\" width=\"754\" height=\"512\" class=\"img-responsive\" alt=\"Impulstag 2024\" \/> <\/picture> <\/a><\/div> <\/div> <div class=\"overlay\"> <div class=\"overlay-circle\"><\/div> <div class=\"links-wrapper\"> <div class=\"links\"> <div class=\"caption\"> <a href=\"https:\/\/www.erneuerung.de\/hildesheim\/2024\/06\/18\/rueckblick-impulstag-2024\/\" class=\"portfolio-item-link\"> <span class=\"screen-reader-text\">R\u00fcckblick Impulstag 2024<\/span> <\/a> <div class=\"description \"> <div class=\"subtitle\"> <span class=\"text-body\"><p><strong>&#8222;Alles ist m\u00f6glich\u201c \u2013 auch die Zusammenarbeit!<\/strong><\/p>\n<p>\u201eWir sind eins, folgen deinem Namen \u2026\u201c, schallte es morgens vielstimmig aus den R\u00e4umen der Vahrenwalder Stadtteilkirche. In Hannover treffen sich schon seit einigen Jahren die charismatischen Erneuerungsbewegungen der evangelischen Kirche (GGE) und &hellip;<\/p><\/span> <\/div> <\/div> <div class=\"post-author-outer\"> <div class=\"author\"> <span class=\"author-avatar\"><img alt='stephan' src='https:\/\/secure.gravatar.com\/avatar\/52f563939684fba819ae214d50f4e68c0770d47e3e9d5e9ed27d29bc7c2db04e?s=50&#038;d=mm&#038;r=g' srcset='https:\/\/secure.gravatar.com\/avatar\/52f563939684fba819ae214d50f4e68c0770d47e3e9d5e9ed27d29bc7c2db04e?s=100&#038;d=mm&#038;r=g 2x' class='avatar avatar-50 photo' height='50' width='50' \/><\/span> <span class=\"author-name\">By stephan<\/span> <\/div> <\/div> <\/div> <\/div> <\/div> <\/div> <\/div> <div class=\"caption post-966 post type-post status-publish format-standard has-post-thumbnail category-allgemein category-news\"> <div class=\"post-date\">18. Juni 2024<\/div> <div class=\"title\"> <span class=\"title-h6 \"><a href=\"https:\/\/www.erneuerung.de\/hildesheim\/2024\/06\/18\/rueckblick-impulstag-2024\/\" rel=\"bookmark\">R\u00fcckblick Impulstag 2024<\/a><\/span> <\/div> <div class=\"info\"> <a class=\"additional-meta\" data-filter-type=\"taxonomies\" data-attr=\"category\" data-filter=\"allgemein\">Allgemein<\/a><span class=\"sep\"><\/span> <a class=\"additional-meta\" data-filter-type=\"taxonomies\" data-attr=\"category\" data-filter=\"news\">news<\/a> <\/div> <\/div> <\/div> <\/div> <\/div><!-- .portflio-set --> <div class=\"portfolio-item-size-container\"> <div class=\"portfolio-item col-xs-12 col-sm-6 col-md-6 item-animations-not-inited show-caption-border post-has-author post-966 post type-post status-publish format-standard has-post-thumbnail category-allgemein category-news\"> <\/div> <\/div> <\/div><!-- .row--> <div class=\"portfolio-navigator gem-pagination\" style=\"display:none;\"> <a href=\"#\" role=\"button\" class=\"prev\" aria-label=\"Zur\u00fcck\"> <i class=\"default\"><\/i> <\/a> <div class=\"pages\"><\/div> <a href=\"#\" role=\"button\" class=\"next\" aria-label=\"Weiter\"> <i class=\"default\"><\/i> <\/a> <\/div> <\/div><!-- .full-width --> <\/div><!-- .portfolio--> <\/div><!-- .portfolio-preloader-wrapper-->[\/vc_column][\/vc_row][vc_row][vc_column][vc_column_text][\/vc_column_text][\/vc_column][\/vc_row][vc_column][\/vc_column][vc_row][vc_column][\/vc_column][\/vc_row][vc_row][vc_column width=&#8220;1\/2&#8243;][vc_column_text]<\/p>\n<div class=\"title-h6\"><strong>Di\u00f6zesansprecher\/in:<\/strong><\/div>\n<p>[\/vc_column_text][vc_separator border_width=&#8220;2&#8243;][vc_column_text]Andreas Bartnik<br \/>\nWolfsburg<br \/>\nTel. 05366 989628<br \/>\n<a href=\"mailto:ce-hildesheim@mailbox.org\">ce-hildesheim@mailbox.org<\/a>[\/vc_column_text][vc_single_image image=&#8220;923&#8243;][vc_separator border_width=&#8220;2&#8243;][vc_column_text]Melanie Kilian<br \/>\nHannover<br \/>\n<a href=\"mailto:info@ce-hildesheim.de\">info@ce-hildesheim.de<\/a>[\/vc_column_text][vc_single_image image=&#8220;922&#8243;][vc_separator border_width=&#8220;2&#8243;][vc_column_text]Pastor Dirk Jenssen<br \/>\nSpringe<br \/>\n<a class=\"moz-txt-link-abbreviated\" href=\"mailto:Dirk.Jenssen@Bistum-Hildesheim.net\">Dirk.Jenssen@Bistum-Hildesheim.net<\/a>[\/vc_column_text][vc_single_image image=&#8220;924&#8243;][\/vc_column][vc_column width=&#8220;1\/2&#8243;][vc_column_text]<\/p>\n<div class=\"title-h6\"><span style=\"color: #000000\"><strong>WIE KANN ICH DIE CE-ARBEIT IM BISTUM HILDESHEIM UNTERST\u00dcTZEN?<\/strong><\/span><\/div>\n<p>Damit wir unsere vielf\u00e4ltigen Aktivit\u00e4ten umsetzen k\u00f6nnen, sind wir auf Spenden angewiesen. Eine Spendenbescheinigung schicken wir am Beginn des Folgejahres zu.<\/p>\n<p>Herzlichen Dank f\u00fcr Ihre Unterst\u00fctzung!<\/p>\n<p>&nbsp;<\/p>\n<p><strong>Kontonummer unseres F\u00f6rdervereins:<\/strong><br \/>\nCE im Bistum Hildesheim e.V.<br \/>\nIBAN\u00a0\u00a0\u00a0\u00a0\u00a0 DE 71 4006 0265 0022 092700<br \/>\nBIC\u00a0\u00a0\u00a0\u00a0\u00a0\u00a0\u00a0\u00a0 GENODEM1DKM<br \/>\nVerwendungszweck: Spende<\/p>\n<p>[\/vc_column_text][vc_column_text]<\/p>\n<div class=\"title-h6\"><strong>Ich m\u00f6chte Regelm\u00e4\u00dfige Informationen bekommen!<\/strong><\/div>\n<p>Wenn Sie regelm\u00e4\u00dfig regionale\u00a0 Informationen und Neuigkeiten zugesandt bekommen m\u00f6chten, k\u00f6nnen Sie sich f\u00fcr den Newsletter aus dem Bistum Hildesheim anmelden. Dazu einfach eine Email an <a href=\"mailto:info@ce-hildesheim.de\">info@ce-hildesheim.de<\/a> schreiben.[\/vc_column_text][\/vc_column][\/vc_row]<\/p>\n<\/div>","protected":false},"excerpt":{"rendered":"<p><strong>&#8222;Alles ist m\u00f6glich\u201c \u2013 auch die Zusammenarbeit!<\/strong><\/p>\n<p>\u201eWir sind eins, folgen deinem Namen \u2026\u201c, schallte es morgens vielstimmig aus den R\u00e4umen der Vahrenwalder Stadtteilkirche. In Hannover treffen sich schon seit einigen Jahren die charismatischen Erneuerungsbewegungen der evangelischen Kirche (GGE) und &hellip;<\/p>","protected":false},"author":1,"featured_media":0,"parent":0,"menu_order":0,"comment_status":"closed","ping_status":"closed","template":"","meta":{"footnotes":""},"class_list":["post-2","page","type-page","status-publish"],"post_mailing_queue_ids":[],"_links":{"self":[{"href":"https:\/\/www.erneuerung.de\/hildesheim\/wp-json\/wp\/v2\/pages\/2","targetHints":{"allow":["GET"]}}],"collection":[{"href":"https:\/\/www.erneuerung.de\/hildesheim\/wp-json\/wp\/v2\/pages"}],"about":[{"href":"https:\/\/www.erneuerung.de\/hildesheim\/wp-json\/wp\/v2\/types\/page"}],"author":[{"embeddable":true,"href":"https:\/\/www.erneuerung.de\/hildesheim\/wp-json\/wp\/v2\/users\/1"}],"replies":[{"embeddable":true,"href":"https:\/\/www.erneuerung.de\/hildesheim\/wp-json\/wp\/v2\/comments?post=2"}],"version-history":[{"count":38,"href":"https:\/\/www.erneuerung.de\/hildesheim\/wp-json\/wp\/v2\/pages\/2\/revisions"}],"predecessor-version":[{"id":964,"href":"https:\/\/www.erneuerung.de\/hildesheim\/wp-json\/wp\/v2\/pages\/2\/revisions\/964"}],"wp:attachment":[{"href":"https:\/\/www.erneuerung.de\/hildesheim\/wp-json\/wp\/v2\/media?parent=2"}],"curies":[{"name":"wp","href":"https:\/\/api.w.org\/{rel}","templated":true}]}}