{"id":1060,"date":"2021-11-03T15:30:10","date_gmt":"2021-11-03T14:30:10","guid":{"rendered":"https:\/\/www.erneuerung.de\/fulda\/?page_id=1060"},"modified":"2025-11-30T14:03:36","modified_gmt":"2025-11-30T13:03:36","slug":"wir-ueber-uns","status":"publish","type":"page","link":"https:\/\/www.erneuerung.de\/fulda\/wir-ueber-uns\/","title":{"rendered":"Wir \u00fcber uns  + F\u00f6rderkreis"},"content":{"rendered":"<div class=\"wpb-content-wrapper\"><p>[vc_row][vc_column][vc_column_text css=&#8220;&#8220;]<\/p>\n<h6 class=\"title-h6 title-h1\">Charismatische Erneuerung<\/h6>\n<div class=\"leading-0\">\n<div class=\"jsn-article\">\n<p>Das erste Pfingsten vor 2000 Jahren war die Geburtsstunde der Kirche. Die J\u00fcnger Jesu, M\u00e4nner und Frauen, wurden nach dem Tod und der Auferstehung Jesu pl\u00f6tzlich mit <strong>der Kraft des Heiligen Geistes<\/strong> erf\u00fcllt und begannen, mutig die frohe Botschaft zu verk\u00fcnden.<\/p>\n<p>Pfingsten ereignet sich auch heute. Zu Beginn des 20. Jahrhunderts begann ein neuer pfingstlicher Aufbruch, der alle christlichen Kirchen und Kontinente durchzieht. Mehr als 25% der Christenheit weltweit erlebten diesen Aufbruch pers\u00f6nlich und setzen sich daf\u00fcr ein, dass er die Kirche und auch die Gesellschaft immer mehr durchdringt.<\/p>\n<p>In der Katholischen Kirche geschieht dies seit dem Ende der 1960er Jahre. In Deutschland setzt sich die \u201eCharismatische Erneuerung in der Katholischen Kirche\u201c (CE) f\u00fcr die Verbreitung dieses Aufbruchs ein.<\/p>\n<\/div>\n<hr \/>\n<h6>Was bedeutet Charismatisch ?<\/h6>\n<p>Das Wort stammt vom Wort \u201e<em><strong>Charisma\u201c<\/strong><\/em> im Neuen Testament. Es kommt aus dem Griechischen und bedeutet \u201e<strong><em>Geschenk<\/em><\/strong>\u201c. So weist der Name \u201eCharismatische Erneuerung\u201c auf eine von Gott geschenkte Erneuerung des christlichen Lebens in der Kirche hin.<\/p>\n<div class=\"leading-1\">\n<div class=\"jsn-article\">\n<p>Die \u201eCharismen\u201c sind pers\u00f6nliche Gaben des Heiligen Geistes. In der Bibel werden viele von ihnen genannt, unter anderem im ersten Korintherbrief (Kap. 12,8-10) und im R\u00f6merbrief (Kap. 12,6\u20138). Wir sprechen nicht von irgendwelchen unerkl\u00e4rlichen Praktiken, sondern <strong>biblisch belegten Gaben<\/strong>, die der Heilige Geist auch heute noch schenkt, zum <strong>Dienst am N\u00e4chsten und zum Wachstum im Glauben.<\/strong><\/p>\n<p><span style=\"color: #800000\"><em><strong>\u201eIhr, die Charismatische Erneuerungsbewegung, habt ein gro\u00dfes Geschenk vom Herrn erhalten. Ihr seid aus einem Willen des Heiligen Geistes hervorgegangen als ein Strom der Gnade in der Kirche und f\u00fcr die Kirche. Das ist eure Definition: ein Strom der Gnade \u2026 Ihr habt das gro\u00dfe Geschenk der Vielfalt der Charismen erhalten, der Vielfalt, die zur Harmonie des Heiligen Geistes f\u00fchrt, zum Dienst an der Kirche.\u201c<\/strong> (Papst Franziskus)<\/em><\/span><\/p>\n<hr \/>\n<h6>Wozu CE ?<\/h6>\n<div class=\"leading-2\">\n<div class=\"jsn-article\">\n<p>Die CE gibt Menschen <strong>Heimat und Perspektive<\/strong>, die sich eine tiefgreifende Erneuerung f\u00fcr ihr eigenes Leben und f\u00fcr die Kirche w\u00fcnschen. Sie finden in dieser Bewegung auch Antworten auf die Krisen der Kirche und der Gesellschaft in Europa und weltweit.<\/p>\n<ul>\n<li>Menschen erleben Gottes Gegenwart und werden gest\u00e4rkt durch die Gemeinschaft untereinander.<\/li>\n<li>Christliche Werte werden zu einem tragf\u00e4higen Fundament im eigenen Leben und im Miteinander.<\/li>\n<li>Durch die Ber\u00fchrung des Heiligen Geistes erleben Menschen Heilung und gewinnen zunehmend innere Sicherheit und Freiheit.<\/li>\n<li>Gottes Geist schenkt F\u00e4higkeiten und Gaben (Charismen). Diese st\u00e4rken den eigenen Glauben, bef\u00e4higen zum Dienst am Mitmenschen und ermutigen, das eigene Lebensumfeld aktiv zu gestalten.<\/li>\n<li>Der Heilige Geist motiviert dazu beizutragen, die Einheit der Christen zu f\u00f6rdern.<\/li>\n<\/ul>\n<p><span style=\"color: #800000\"><em><strong>\u201cDie Katholische Charismatische Erneuerung hat vielen Christen geholfen, die Gegenwart und die Macht des Heiligen Geistes in ihrem Leben, im Leben der Kirche und der Welt wieder zu entdecken.\u201d<\/strong> (Papst Johannes Paul II)<\/em><\/span><\/p>\n<hr \/>\n<div class=\"leading-2\">\n<div class=\"jsn-article\">\n<h6>Charismatische Erneuerung und Kirche<\/h6>\n<\/div>\n<\/div>\n<p><img id=\"tgpli-61824b104fbd2\" class=\"size-medium wp-image-5540 alignright\" src=\"https:\/\/www.erneuerung.de\/wp-content\/uploads\/2020\/01\/Werwirsind5-300x199.jpg\" alt=\"\" width=\"300\" height=\"199\" data-tgpli-src=\"https:\/\/www.erneuerung.de\/wp-content\/uploads\/2020\/01\/Werwirsind5-300x199.jpg\" data-tgpli-srcset=\"https:\/\/www.erneuerung.de\/wp-content\/uploads\/2020\/01\/Werwirsind5-300x199.jpg 300w, https:\/\/www.erneuerung.de\/wp-content\/uploads\/2020\/01\/Werwirsind5-768x510.jpg 768w, https:\/\/www.erneuerung.de\/wp-content\/uploads\/2020\/01\/Werwirsind5-200x133.jpg 200w, https:\/\/www.erneuerung.de\/wp-content\/uploads\/2020\/01\/Werwirsind5-600x398.jpg 600w, https:\/\/www.erneuerung.de\/wp-content\/uploads\/2020\/01\/Werwirsind5.jpg 800w\" data-tgpli-inited=\"\" \/>Die CE geh\u00f6rt zu den <strong>neuen geistlichen Bewegungen<\/strong> in der Katholischen Kirche, die Papst Johannes Paul II als eine wichtige Frucht des Zweiten Vatikanischen Konzils und eine besondere Gabe Gottes an unsere Zeit bezeichnete (Pfingsttreffen 1998, Rom). Papst Franziskus sprach von der Charismatischen Erneuerung als einem \u201e<strong>Strom der Gnade<\/strong>\u201c (Juli 2014, Rom).<\/p>\n<p>Die CE ist durch die <strong>Deutsche Bischofskonferenz anerkannt. <\/strong>Die Verantwortlichen \/ Sprecher in den jeweiligen Bist\u00fcmern werden durch den Ortsbischof best\u00e4tigt und erhalten ein entsprechendes Schriftst\u00fcck hier\u00fcber.<\/p>\n<hr \/>\n<h6>Deutschland &#8211; CE<\/h6>\n<p><a href=\"https:\/\/www.erneuerung.de\/wp-content\/uploads\/2019\/11\/STATUTEN-der-CE-Deutschland.pdf\">STATUTEN der CE Deutschland<\/a><\/p>\n<p>Die Charismatische Erneuerung ist eine Bewegung ohne formelle Mitgliedschaft. In Deutschland treffen sich eine stetig wachsende Zahl von Christen aller Altersgruppen in Gebetsgruppen, Hauskreisen, Gemeinschaften, Segnungs- und Lobpreisgottesdiensten und Konferenzen. Weltweit betr\u00e4gt die Zahl charismatischer Christen in der Katholischen Kirche \u00fcber 120 Millionen.<\/p>\n<p><em><span style=\"color: #800000\"><strong>\u201cDie Charismatische Erneuerung ist eine gro\u00dfe Kraft im Dienst an der Verk\u00fcndigung des Evangeliums, in der Freude des Heiligen Geistes.\u201d<\/strong> (Papst Franziskus)<\/span><\/em><\/p>\n<\/div>\n<hr \/>\n<h6>CE in der di\u00f6zese Fulda<\/h6>\n<p>Die Bewegung in der Di\u00f6zese Fulda existiert seit 1980 und wird seit dieser Zeit elementar durch Pfarrer i. R. Bernhard Axt (zuletzt Neuhof) gepr\u00e4gt.<\/p>\n<p>Das aktuell verantwortliche Bistumsteam besteht aus folgenden Personen:<\/p>\n<ul>\n<li>Elfriede Schuldes (1. Sprecherin)<\/li>\n<li>Klaus Eckert (2. Sprecher)<\/li>\n<li>Tanja Eckert (3. Sprecherin)<\/li>\n<li>Pfr. i. R. Bernhard Axt (beratende Funktion)<\/li>\n<\/ul>\n<p><em>(gew\u00e4hlt am <strong>05.10.2024<\/strong> im Rahmen eines Einkehrtages in Uttrichshausen f\u00fcr die n\u00e4chsten vier Jahre)<\/em><\/p>\n<hr \/>\n<h6>Gebetskreise \/ Lobpreisgottesdienste \/ CE-Wochenenden \/ Jugendgruppe<\/h6>\n<p>Folgende <strong>charismatische Bibel- und Gebetskreise<\/strong> existieren aktuell in der Di\u00f6zese Fulda:<\/p>\n<ul>\n<li><strong>Lobpreisgottesdienst<\/strong>\n<ul>\n<li>in der Kirche St. Michael in Neuhof<\/li>\n<li>jeweils um 20.00 Uhr \/ in der Regel immer am zweiten Montag im Monat<\/li>\n<\/ul>\n<\/li>\n<\/ul>\n<ul>\n<li><strong>Online Lobpreis-, Bibel- und Gebetsabend per Zoom<\/strong>\n<ul>\n<li>jede Woche dienstags um 20.00 Uhr.<\/li>\n<li>Weitere Infos und Zugangsdaten bitte erfragen bei Klaus und Tanja Eckert, Tel. 06667\/1749<\/li>\n<\/ul>\n<\/li>\n<\/ul>\n<ul>\n<li><strong>Lobpreis-, Bibel- und Gebetsabend<\/strong>\n<ul>\n<li>am 3. Montag im Monat live im Jugendraum<\/li>\n<li>Kath. Kirche in Gro\u00dfenl\u00fcder jeweils um 19.30 Uhr<\/li>\n<\/ul>\n<\/li>\n<\/ul>\n<ul>\n<li><strong>Lobpreis-, Bibel- und Gebetsabend<\/strong>\n<ul>\n<li>live im Pfarrzentrum St. Vinzenz, Bahnhofstr. 4 in Neuhof<\/li>\n<li>immer am 4. Montag im Monat um 20.00 Uhr<\/li>\n<\/ul>\n<\/li>\n<\/ul>\n<ul>\n<li><strong>Lobpreis-, Bibel- und Gebetsabend<\/strong>\n<ul>\n<li>live in der Regel im Markushaus in Haimbach<\/li>\n<li>jeden Donnerstag um 19.00 Uhr (teils wechselnde R\u00e4ume, deshalb<\/li>\n<li>Infos bei Patricia Hondl Tel. 0661\/9525687<\/li>\n<\/ul>\n<\/li>\n<\/ul>\n<p><strong>CE &#8211; Wochenenden<\/strong><\/p>\n<ul>\n<li>von Freitagvormittag bis Sonntagnachmittag<\/li>\n<li>aktuell 2 x im Jahr (zumeist M\u00e4rz und November)<\/li>\n<li>im Bonifatiuskloster in H\u00fcnfeld (\u00e4hnlich Exerzitien)<\/li>\n<li>unterschiedliche Referent*innen zu unterschiedlichen religi\u00f6sen Themen<\/li>\n<li>inkl. Lobpreiszeiten, Anbetungsabenden, stillen Zeiten, Kleingruppenaustausch etc.<\/li>\n<\/ul>\n<p><strong>Einkehrtage<\/strong><\/p>\n<ul>\n<li>regelm\u00e4\u00dfige Tagesveranstaltungen zu bestimmten religi\u00f6sen Themen &#8211; mind. 1 x im Jahr<\/li>\n<\/ul>\n<\/div>\n<p><strong>Jugendgruppe \/ junge Erwachsenengruppe<br \/>\n<\/strong><\/p>\n<ul>\n<li>Ende 2020 hat sich eine kleine Jugendgruppe gebildet, welche sich regelm\u00e4\u00dfig trifft<\/li>\n<li>zwischenzeitlich sind die &#8222;Jugendlichen&#8220; \u00e4lter geworden &#8212; deshalb auch &#8222;junge Erwachsenengruppe&#8220;<\/li>\n<li>die Gruppe umfasst aktuell 12 Personen + 5 Betreuer<\/li>\n<li>1 x im Monat (i. d. R. am ersten Donnerstag im Monats ab 19:30 Uhr) im Pfarrzentrum in Neuhof<\/li>\n<li>privater Austausch \/ Gemeinschaft \/ moderner Lobpreis \/ religi\u00f6se Impulse \/ Gebetszeiten (freies Gebet)<\/li>\n<\/ul>\n<p><strong>Aufstehhilfe<\/strong><\/p>\n<ul>\n<li>dieses Angebot konnte aufgrund der Pandemie nicht mehr wie gewohnt ausge\u00fcbt werden (Kontaktverbote)<\/li>\n<li>nach l\u00e4ngerer und reiflicher \u00dcberlegung wurde das Angebot zum 01.04.2022 <span style=\"color: #ff0000\"><strong>komplett eingestellt<\/strong><\/span><\/li>\n<li><strong><span style=\"color: #800000\"><span style=\"color: #ff0000\">bei Bedarf an Seelsorge kann man sich vertrauensvoll telef. an Elfriede Schuldes<\/span> <\/span><\/strong><span style=\"color: #800000\">(Kontaktedaten siehe erste Seite) <\/span><span style=\"color: #ff0000\"><strong>wenden<\/strong><\/span><\/li>\n<\/ul>\n<\/div>\n<\/div>\n<hr \/>\n<h6>F\u00f6rderkreis der CE Fulda<\/h6>\n<\/div>\n<p>Zur Finanzierung all dieser Veranstaltungen, Gebetskreise, Schulungen, ben\u00f6tigter Unterlagen und Materialien etc. ist die CE Fulda auf Spenden angewiesen. Wir finanzieren uns ausschlie\u00dflich \u00fcber Spenden &#8211; und freuen uns deshalb auch \u00fcber jeden noch so geringen Betrag.<\/p>\n<p>Zur ordnungsgem\u00e4\u00dfen Verwaltung dieser Finanzen wurde am 06.11.1999 ein F\u00f6rderkreis ins Leben gerufen, welcher aktuell aus 56 Mitgliedern besteht und ausschlie\u00dflich gemeinn\u00fctzige (kirchliche) Zwecke verfolgt. Der F\u00f6rderkeis gilt als eingetragener gemeinn\u00fctziger Verein und alle Geldzuwendungen k\u00f6nnen steuerlich abgesetzt werden.<\/p>\n<p>F\u00fcr beigetretene Mitglieder existiert kein fester Mitgliedsbeitrag; jedes Mitglied unterst\u00fctzt die CE Fulda eben genau so, wie es ihr\/ihm gerade m\u00f6glich ist. Dies kann geschehen durch <strong>finanzielle Spenden<\/strong>, aber auch durch <strong>Mitarbeit in den einzelnen Gruppen<\/strong> oder auch <strong>durch Gebet;<\/strong> jegliche Art der Unterst\u00fctzung ist herzlich willkommen.<\/p>\n<p>Alle Zuwendungen \/ Beitr\u00e4ge sind steuerlich absetzbar und man erh\u00e4lt am Ende des Jahres eine entsprechende Bescheinigung\/Quittung \u00fcber alle geleisteten Zahlungen. Der F\u00f6rderkreis ist vom Finanzamt Fulda als gemeinn\u00fctzig anerkannt und dazu berechtigt, entsprechende Quittungen auszustellen.<\/p>\n<p>Der F\u00f6rderkreis verf\u00fcgt \u00fcber einen ordentlich gew\u00e4hlten Vorstand. Dieser wurde am 26.06.2022 f\u00fcr weitere drei Jahre neu gew\u00e4hlt und setzt sich wie folgt zusammen:<\/p>\n<p>Nadja Literski (Neuhof)\u00a0 &#8211;\u00a0 1. Vorsitzende<\/p>\n<p>Michael M\u00fcller (Herolz)\u00a0 &#8211;\u00a0 2. Vorsitzender<\/p>\n<p>Petra M\u00f6ller (Rommerz) &#8211;\u00a0 Kassiererin<\/p>\n<p>Ingrid M\u00fcller (Herolz)\u00a0 &#8211;\u00a0 Schriftf\u00fchrerin<\/p>\n<p>(Wiedergew\u00e4hlt am 19.05.2025 f\u00fcr weitere drei Jahre m Rahmen der Jahreshauptversammlung des F\u00f6rderkreises der CE Fulda e. V.)<\/p>\n<p>Zudem vervollst\u00e4ndigen die drei Bistumssprecher (siehe oben) den Vorstand des F\u00f6rderkreises.<\/p>\n<div class=\"small-body\"><img class=\"alignnone size-medium wp-image-1561\" src=\"https:\/\/www.erneuerung.de\/fulda\/wp-content\/uploads\/sites\/13\/2022\/06\/IMG_3404-224x300.jpg\" alt=\"\" width=\"224\" height=\"300\" srcset=\"https:\/\/www.erneuerung.de\/fulda\/wp-content\/uploads\/sites\/13\/2022\/06\/IMG_3404-224x300.jpg 224w, https:\/\/www.erneuerung.de\/fulda\/wp-content\/uploads\/sites\/13\/2022\/06\/IMG_3404.jpg 305w\" sizes=\"(max-width: 224px) 100vw, 224px\" \/>\u00a0 \u00a0 \u00a0 \u00a0 \u00a0 \u00a0 \u00a0 <img class=\"alignnone wp-image-1550\" src=\"https:\/\/www.erneuerung.de\/fulda\/wp-content\/uploads\/sites\/13\/2022\/06\/IMG_3393-225x300.jpg\" alt=\"\" width=\"224\" height=\"299\" srcset=\"https:\/\/www.erneuerung.de\/fulda\/wp-content\/uploads\/sites\/13\/2022\/06\/IMG_3393-225x300.jpg 225w, https:\/\/www.erneuerung.de\/fulda\/wp-content\/uploads\/sites\/13\/2022\/06\/IMG_3393.jpg 480w\" sizes=\"(max-width: 224px) 100vw, 224px\" \/>\u00a0 \u00a0 \u00a0 \u00a0 \u00a0 \u00a0 \u00a0 \u00a0 \u00a0 \u00a0 \u00a0 \u00a0 \u00a0 \u00a0 \u00a0 \u00a0 \u00a0 \u00a0 \u00a0 \u00a0 \u00a0 \u00a0 \u00a0 \u00a0 \u00a0 \u00a0 \u00a0 \u00a0 \u00a0 \u00a0 \u00a0 \u00a0 \u00a0 \u00a0 \u00a0 \u00a0 \u00a0 \u00a0 \u00a0 \u00a0 \u00a0 \u00a0 \u00a0 \u00a0 \u00a0 \u00a0 \u00a0 \u00a0 \u00a0 \u00a0 \u00a0 \u00a0 \u00a0 \u00a0 \u00a0 \u00a0 \u00a0 \u00a0 \u00a0 \u00a0 \u00a0 \u00a0 \u00a0 \u00a0 \u00a0 \u00a0 \u00a0 \u00a0 \u00a0 \u00a0 \u00a0 \u00a0 \u00a0 \u00a0 \u00a0 \u00a0 \u00a0 \u00a0 \u00a0 \u00a0 \u00a0 \u00a0 \u00a0 \u00a0 \u00a0 \u00a0 \u00a0 \u00a0 \u00a0 \u00a0 \u00a0 \u00a0 \u00a0 \u00a0 \u00a0 \u00a0 \u00a0 \u00a0 \u00a0 \u00a0 \u00a0 \u00a0 \u00a0 \u00a0 \u00a0 \u00a0 \u00a0 aktuelles Bistumsteam\u00a0 \u00a0 \u00a0 \u00a0 \u00a0 \u00a0 \u00a0 \u00a0 \u00a0 \u00a0 \u00a0 \u00a0 \u00a0 \u00a0 \u00a0 \u00a0 \u00a0 \u00a0aktueller F\u00f6rderkreisvorstand<\/div>\n<p>&nbsp;<\/p>\n<p>Unterst\u00fctzen Sie diese Initiative f\u00fcr die Zukunft unserer Kirche durch Ihre unverbindliche Mitgliedschaft im F\u00f6rderkreis der CE Fulda e.V..<\/p>\n<p>Bankverbindung f\u00fcr Spenden:<\/p>\n<ul>\n<li><strong>VR Genossenschaftsbank Fulda eG<\/strong><\/li>\n<li>\n<pre><strong>IBAN:\u00a0 DE03 5306 0180 0004 0457 77<\/strong><\/pre>\n<\/li>\n<li><strong>BIC:\u00a0\u00a0\u00a0\u00a0\u00a0\u00a0\u00a0\u00a0 <small>GENODE51FUL<\/small><\/strong><\/li>\n<\/ul>\n<p>Wir sind st\u00e4ndig auf der Suche nach weiteren Mitgliedern und w\u00fcrden uns sehr \u00fcber Ihren Beitritt freuen. Wer Mitglied werden m\u00f6chte, kann sich gleich hier anmelden:<\/p>\n<div class=\"wpcf7 no-js\" id=\"wpcf7-f1518-o1\" lang=\"de-DE\" dir=\"ltr\" data-wpcf7-id=\"1518\">\n<div class=\"screen-reader-response\"><p role=\"status\" aria-live=\"polite\" aria-atomic=\"true\"><\/p> <ul><\/ul><\/div>\n<form action=\"\/fulda\/wp-json\/wp\/v2\/pages\/1060#wpcf7-f1518-o1\" method=\"post\" class=\"wpcf7-form init\" aria-label=\"Kontaktformular\" novalidate=\"novalidate\" data-status=\"init\">\n<fieldset class=\"hidden-fields-container\"><input type=\"hidden\" name=\"_wpcf7\" value=\"1518\" \/><input type=\"hidden\" name=\"_wpcf7_version\" value=\"6.1.5\" \/><input type=\"hidden\" name=\"_wpcf7_locale\" value=\"de_DE\" \/><input type=\"hidden\" name=\"_wpcf7_unit_tag\" value=\"wpcf7-f1518-o1\" \/><input type=\"hidden\" name=\"_wpcf7_container_post\" value=\"0\" \/><input type=\"hidden\" name=\"_wpcf7_posted_data_hash\" value=\"\" \/>\n<\/fieldset>\n<div class='contact-form-style-charity-onepager'>\n\n<div class=\"col-md-6\"><span class=\"wpcf7-form-control-wrap\" data-name=\"anmelder\"><input size=\"40\" maxlength=\"400\" class=\"wpcf7-form-control wpcf7-text wpcf7-validates-as-required\" aria-required=\"true\" aria-invalid=\"false\" placeholder=\"Name*\" value=\"\" type=\"text\" name=\"anmelder\" \/><\/span><\/div>\n\n<div class=\"col-md-6\"><span class=\"wpcf7-form-control-wrap\" data-name=\"vorname\"><input size=\"40\" maxlength=\"400\" class=\"wpcf7-form-control wpcf7-text wpcf7-validates-as-required\" aria-required=\"true\" aria-invalid=\"false\" placeholder=\"Vorname\" value=\"\" type=\"text\" name=\"vorname\" \/><\/span><\/div>\n\n<div class=\"col-md-6\"><span class=\"wpcf7-form-control-wrap\" data-name=\"country\"><input size=\"40\" maxlength=\"400\" class=\"wpcf7-form-control wpcf7-text\" aria-invalid=\"false\" placeholder=\"Land\" value=\"\" type=\"text\" name=\"country\" \/><\/span><\/div>\n\n<div class=\"col-md-6\"><span class=\"wpcf7-form-control-wrap\" data-name=\"street\"><input size=\"40\" maxlength=\"400\" class=\"wpcf7-form-control wpcf7-text wpcf7-validates-as-required\" aria-required=\"true\" aria-invalid=\"false\" placeholder=\"Stra\u00dfe*\" value=\"\" type=\"text\" name=\"street\" \/><\/span><\/div>\n\n<div class=\"col-md-6\"><span class=\"wpcf7-form-control-wrap\" data-name=\"PLZ\"><input size=\"40\" maxlength=\"400\" class=\"wpcf7-form-control wpcf7-text wpcf7-validates-as-required\" aria-required=\"true\" aria-invalid=\"false\" placeholder=\"Postleitzahl*\" value=\"\" type=\"text\" name=\"PLZ\" \/><\/span><\/div>\n\n<div class=\"col-md-6\"><span class=\"wpcf7-form-control-wrap\" data-name=\"ort\"><input size=\"40\" maxlength=\"400\" class=\"wpcf7-form-control wpcf7-text wpcf7-validates-as-required\" aria-required=\"true\" aria-invalid=\"false\" placeholder=\"Ort*\" value=\"\" type=\"text\" name=\"ort\" \/><\/span><\/div>\n\n<div class=\"col-md-6\"><span class=\"wpcf7-form-control-wrap\" data-name=\"phone\"><input size=\"40\" maxlength=\"400\" class=\"wpcf7-form-control wpcf7-text wpcf7-validates-as-required\" aria-required=\"true\" aria-invalid=\"false\" placeholder=\"Telefon*\" value=\"\" type=\"text\" name=\"phone\" \/><\/span><\/div>\n\n<div class=\"col-md-6\"><span class=\"wpcf7-form-control-wrap\" data-name=\"email\"><input size=\"40\" maxlength=\"400\" class=\"wpcf7-form-control wpcf7-email wpcf7-validates-as-required wpcf7-text wpcf7-validates-as-email\" aria-required=\"true\" aria-invalid=\"false\" placeholder=\"eMail*\" value=\"\" type=\"email\" name=\"email\" \/><\/span><\/div>\n\n<div class=\"col-md-6\"><span class=\"wpcf7-form-control-wrap\" data-name=\"konfession\"><input size=\"40\" maxlength=\"400\" class=\"wpcf7-form-control wpcf7-text wpcf7-validates-as-required\" aria-required=\"true\" aria-invalid=\"false\" placeholder=\"Konfession*\" value=\"\" type=\"text\" name=\"konfession\" \/><\/span><\/div>\n\n<div class=\"col-md-12\"> Meine Unterst\u00fctzung*\n<span class=\"wpcf7-form-control-wrap\" data-name=\"Anzahl:\"><select class=\"wpcf7-form-control wpcf7-select\" aria-invalid=\"false\" name=\"Anzahl:\"><option value=\"-\">-<\/option><option value=\"Gebet\">Gebet<\/option><option value=\"Mitarbeit\">Mitarbeit<\/option><option value=\"einmalige Spende\">einmalige Spende<\/option><option value=\"regelm\u00e4\u00dfige Spende\">regelm\u00e4\u00dfige Spende<\/option><\/select><\/span>\n\n<div class=\"col-md-12\"><span class=\"wpcf7-form-control-wrap\" data-name=\"Messege\"><textarea cols=\"40\" rows=\"5\" maxlength=\"2000\" class=\"wpcf7-form-control wpcf7-textarea\" aria-invalid=\"false\" placeholder=\"Bemerkungen\" name=\"Messege\"><\/textarea><\/span><\/div>\n\n<div class=\"col-md-12\">\nMit dem Absenden des Formulars best\u00e4tige ich, dass ich die <a href=\"\/datenschutz\/\" target=\"_blank\">Informationen zum Datenschutz<\/a> gelesen habe und damit einverstanden bin.<\/div>\n\n<input class=\"wpcf7-form-control wpcf7-submit has-spinner\" type=\"submit\" value=\"Senden\" \/><div class=\"wpcf7-response-output\" aria-hidden=\"true\"><\/div>\n<\/form>\n<\/div>\n[\/vc_column_text][\/vc_column][\/vc_row]<\/p>\n<\/div>","protected":false},"excerpt":{"rendered":"<p>[vc_row][vc_column][vc_column_text css=&#8220;&#8220;] Charismatische Erneuerung Das erste Pfingsten vor 2000 Jahren war die Geburtsstunde der Kirche. Die J\u00fcnger Jesu, M\u00e4nner und&#8230;<\/p>\n","protected":false},"author":574,"featured_media":50,"parent":0,"menu_order":0,"comment_status":"closed","ping_status":"closed","template":"","meta":{"footnotes":""},"class_list":["post-1060","page","type-page","status-publish","has-post-thumbnail"],"post_mailing_queue_ids":[],"_links":{"self":[{"href":"https:\/\/www.erneuerung.de\/fulda\/wp-json\/wp\/v2\/pages\/1060","targetHints":{"allow":["GET"]}}],"collection":[{"href":"https:\/\/www.erneuerung.de\/fulda\/wp-json\/wp\/v2\/pages"}],"about":[{"href":"https:\/\/www.erneuerung.de\/fulda\/wp-json\/wp\/v2\/types\/page"}],"author":[{"embeddable":true,"href":"https:\/\/www.erneuerung.de\/fulda\/wp-json\/wp\/v2\/users\/574"}],"replies":[{"embeddable":true,"href":"https:\/\/www.erneuerung.de\/fulda\/wp-json\/wp\/v2\/comments?post=1060"}],"version-history":[{"count":36,"href":"https:\/\/www.erneuerung.de\/fulda\/wp-json\/wp\/v2\/pages\/1060\/revisions"}],"predecessor-version":[{"id":2941,"href":"https:\/\/www.erneuerung.de\/fulda\/wp-json\/wp\/v2\/pages\/1060\/revisions\/2941"}],"wp:featuredmedia":[{"embeddable":true,"href":"https:\/\/www.erneuerung.de\/fulda\/wp-json\/wp\/v2\/media\/50"}],"wp:attachment":[{"href":"https:\/\/www.erneuerung.de\/fulda\/wp-json\/wp\/v2\/media?parent=1060"}],"curies":[{"name":"wp","href":"https:\/\/api.w.org\/{rel}","templated":true}]}}